{"text_format":"1","workbook":"xlsx","n_sheets":7,"sheets":["Menu","School List","DFES","Schedule","DATA","Contact List","Timetable"],"not_rendered":{"charts":0,"images":3,"macros":1,"external_links":0,"defined_names":8,"comments":1,"pivot_tables":0},"unopened":[],"bounds":{"document_bytes":16777216,"sheet_cells":100000,"rows_first":2000,"rows_last":500,"rows_between":2000,"halvings":0,"cell_chars":16384,"cell_head_chars":4096},"cells_cut":0,"cells_raw":0,"read":"whole","date_system":"1900"}

{"sheet":"Menu","index":0,"n_rows":159,"n_cols":13,"rows_kept":159,"cut":false,"hidden":false,"merged":[]}
[null,null,null,{"$f":"IF(ISNA(VLOOKUP(E1,A100:$B$500,2,0)),0,VLOOKUP(E1,A100:$B$500,2,0))","v":4173},{"$f":"+DFES!E1","v":4173}]
[]
[]
[]
[]
[]
[]
[]
[]
[null,"2023/24 Cheque Book School Instalment Payments"]
[null,"Please Left Click on the Macro Button below to continue."]
[null,"If the aforementioned does not function, please refer to the Macro Guidance from this link:",null,null,null,null,null,null,null,null,null,null,"Macro guidance"]
[null,"Should the Protected View message be visible on the Toolbar, click on Enable Editing."]
[]
[]
[]
[]
[]
[]
[]
[]
[]
[]
[]
[]
[]
[]
[]
[]
[]
[]
[]
[]
[]
[]
[]
[]
[]
[]
[]
[]
[]
[]
[]
[]
[]
[]
[]
[]
[]
[]
[]
[]
[]
[]
[]
[]
[]
[]
[]
[]
[]
[]
[]
[]
[]
[]
[]
[]
[]
[]
[]
[]
[]
[]
[]
[]
[]
[]
[]
[]
[]
[]
[]
[]
[]
[]
[]
[]
[]
[]
[]
[]
[]
[]
[]
[]
[]
[]
[2010,2010]
[1017,1017]
[2300,2300]
[7016,7016]
[5413,5413]
[2402,2402]
[2401,2401]
[4115,4115]
[2030,2030]
[2238,2238]
[2236,2236]
[4801,4801]
[2312,2312]
[7051,7051]
[2251,2251]
[3002,3002]
[3319,3319]
[5416,5416]
[2054,2054]
[2053,2053]
[2055,2055]
[2486,2486]
[2296,2296]
[2092,2092]
[4015,4015]
[4201,4201]
[4223,4223]
[2015,2015]
[2462,2462]
[2127,2127]
[2129,2129]
[2128,2128]
[2133,2133]
[3322,3322]
[2416,2416]
[4245,4245]
[3323,3323]
[7053,7053]
[4173,4173]
[7033,7033]
[4177,4177]
[1038,1038]
[2174,2174]
[3363,3363]
[3377,3377]
[3371,3371]
[3016,3016]
[4606,4606]
[3428,3428]
[7014,7014]
[7009,7009]
[5203,5203]
[5202,5202]
[2308,2308]
[2011,2011]
[4193,4193]
[2293,2293]
[2225,2225]
[2412,2412]
[4237,4237]

{"sheet":"School List","index":1,"n_rows":65,"n_cols":79,"rows_kept":65,"cut":false,"hidden":true,"merged":[[0,3,6,3],[0,4,4,4]]}
[null,null,null,null,null,null,null,null,null,null,null,null,null,null,null,null,null,null,null,null,null,null,null,null,null,null,null,null,null,null,null,null,null,null,null,null,null,null,null,null,null,null,null,null,null,null,null,null,null,null,null,null,null,null,null,null,null,null,null,null,null,null,null,null,null,null,null,null,null,null,null,null,null,null,null,null,null,null,"ok"]
[]
[]
["DFE"]
["Number",null,"Name"]
[2010,null,"Adderley Primary School"]
[1017,null,"Allens Croft Childrens Centre"]
[2300,null,"Arden Primary"]
[7016,null,"Baskerville School"]
[5413,null,"Bishop Challoner Catholic College"]
[2402,null,"Boldmere Infant & Nursery School"]
[2401,null,"Boldmere Junior School"]
[4115,null,"Bordesley Green Girls School"]
[2030,null,"Bordesley Green Primary School"]
[2238,null,"Broadmeadow Infant & Nursery School"]
[2236,null,"Broadmeadow Junior School"]
[4801,null,"Cardinal Wiseman Catholic Technology College"]
[2312,null,"Chad Vale Primary School"]
[7051,null,"Cherry Oak School"]
[2251,null,"Chilcote Primary School"]
[3002,null,"Christ Church CE Primary School"]
[3319,null,"Christ The King Catholic Primary School"]
[5416,null,"Colmers School and Sixth Form College"]
[2054,null,"Colmore Infant School"]
[2053,null,"Colmore Junior School"]
[2055,null,"Cotteridge Primary"]
[2486,null,"Forestdale Primary School"]
[2296,null,"Glenmead Primary School"]
[2092,null,"Hall Green Junior School"]
[4015,null,"Hodge Hill Girls School"]
[4201,null,"Hodge Hill School"]
[4223,null,"Holte School"]
[2015,null,"James Watt Primary School"]
[2462,null,"Little Sutton Primary School"]
[2127,null,"Lozells J & I School"]
[2129,null,"Lyndon Green Infant School"]
[2128,null,"Lyndon Green Junior School"]
[2133,null,"Marsh Hill Primary School"]
[3322,null,"Maryvale Catholic Primary School"]
[2416,null,"Moor Hall Primary"]
[4245,null,"Moseley School"]
[3323,null,"Oratory R C Primary School"]
[7053,null,"Oscott Manor"]
[4173,null,"Queensbridge School"]
[7033,null,"Selly Oak Trust School"]
[4177,null,"Selly Park Tech College For Girls"]
[1038,null,"Shenleyfields Nursery School"]
[2174,null,"Sladefield Infants School"]
[3363,null,"St Dunstans Primary School"]
[3377,null,"St Jude's Catholic Primary School"]
[3371,null,"St Laurence Church Infant School"]
[3016,null,"St Matthew's CE Primary School"]
[4606,null,"St Pauls Girls School"]
[3428,null,"St Peters CE Primary School"]
[7014,null,"Uffculme School"]
[7009,null,"Victoria School"]
[5203,null,"Walmley Infant School"]
[5202,null,"Walmley Junior School"]
[2308,null,"Welford School"]
[2011,null,"Wheelers Lane Primary School"]
[4193,null,"Wheelers Lane Secondary "]
[2293,null,"William Murdoch Primary School"]
[2225,null,"Worlds End Junior School"]
[2412,null,"Wylde Green Primary School"]
[4237,null,"Swanshurst"]

{"sheet":"DFES","index":2,"n_rows":72,"n_cols":29,"rows_kept":72,"cut":false,"hidden":true,"merged":[]}
[2010,"AX085","Adderley Primary School",null,4173,{"$f":"IF(ISNA(VLOOKUP($E$1,$A$1:$C$72,3,0)),0,VLOOKUP($E$1,$A$1:$C$72,3,0))","v":"Queensbridge School"},null,null,null,null,null,null,null,null,null,null,null,null,null,null,null,null,null,null,null,"2011/12","2010/11","January 2011 CENSUS","January 2010 CENSUS"]
[1017,"AX087","Allens Croft Childrens Centre"]
[2300,"AX008","Arden Primary"]
[7016,"AX00E","Baskerville School"]
[5413,"AX08C","Bishop Challoner Catholic College"]
[2402,"AX08G","Boldmere Infant & Nursery School"]
[2401,"AX00T","Boldmere Junior School"]
[4115,"AX08J","Bordesley Green Girls School"]
[2030,"AX08H","Bordesley Green Primary School"]
[2238,"AX08N","Broadmeadow Infant & Nursery School"]
[2236,"AX010","Broadmeadow Junior School"]
[4801,"AX08U","Cardinal Wiseman Catholic Technology College"]
[2312,"AX015","Chad Vale Primary School"]
[7051,"AX017","Cherry Oak School"]
[2251,"AX08W","Chilcote Primary School"]
[3002,"AX01A","Christ Church CE Primary School"]
[3319,"AX019","Christ The King Catholic Primary School"]
[5416,"AX091","Colmers School and Sixth Form College"]
[2054,"AX092","Colmore Infant School"]
[2053,"AX093","Colmore Junior School"]
[2055,"AX01J","Cotteridge Primary"]
[2486,"AX01Z","Forestdale Primary School"]
[2296,"AX027","Glenmead Primary School"]
[2092,"AX02H","Hall Green Junior School"]
[4015,"AX0A2","Hodge Hill Girls School"]
[4201,"AX0A1","Hodge Hill School"]
[4223,"AX0A4","Holte School"]
[2015,"AX032","James Watt Primary School"]
[2462,"AX03L","Little Sutton Primary School"]
[2127,"AX0AN","Lozells J & I School"]
[2129,"AX03N","Lyndon Green Infant School"]
[2128,"AX03P","Lyndon Green Junior School"]
[2133,"AX03V","Marsh Hill Primary School"]
[3322,"AX03X","Maryvale Catholic Primary School"]
[2416,"AX041","Moor Hall Primary"]
[4245,"AX0AW","Moseley School"]
[3323,"AX049","Oratory R C Primary School"]
[7053,"AX04C","Oscott Manor"]
[4173,"AX0BD","Queensbridge School"]
[7033,"AX0BK","Selly Oak Trust School"]
[4177,"AX0BL","Selly Park Tech College For Girls"]
[1038,"AX056","Shenleyfields Nursery School"]
[2174,"AX0BR","Sladefield Infants School"]
[3363,"AX05Q","St Dunstans Primary School"]
[3377,"AX066","St Jude's Catholic Primary School"]
[3371,"AX067","St Laurence Church Infant School"]
[3016,"AX06F","St Matthew's CE Primary School"]
[4606,"AX0C4","St Pauls Girls School"]
[3428,"AX06L","St Peters CE Primary School"]
[7014,"AX07A","Uffculme School"]
[7009,"AX0CG","Victoria School"]
[5203,"AX0CH","Walmley Infant School"]
[5202,"AX0CJ","Walmley Junior School"]
[2308,"AX0CL","Welford School"]
[2011,"AX07P","Wheelers Lane Primary School"]
[4193,"AX07N","Wheelers Lane Secondary "]
[2293,"AX07T","William Murdoch Primary School"]
[2225,"AX0CQ","Worlds End Junior School"]
[2412,"AX07Y","Wylde Green Primary School"]
[4237,"AX0C8","Swanshurst"]
[]
[]
[]
[]
[]
[]
[]
[]
[]
[]
[]
["FFT",null,"FAIR FUNDING TEAM"]

{"sheet":"Schedule","index":3,"n_rows":48,"n_cols":12,"rows_kept":48,"cut":false,"hidden":true,"merged":[[12,1,12,9],[33,1,33,4],[34,1,34,4],[35,1,35,4],[36,1,36,4],[31,5,31,7],[13,1,13,9],[14,1,14,9],[15,1,15,9],[17,1,17,9],[44,1,44,4],[18,1,18,9],[42,1,42,4],[16,1,16,9],[45,1,45,4],[37,1,37,4],[39,1,39,4],[40,1,40,4],[41,1,41,4],[38,1,38,4],[43,1,43,4]]}
[null,null,null,null,null,{"$f":"+DFES!$E$1","v":4173}]
[]
[null,"2023/24 Cheque Book School Instalment Payments"]
[]
[null,"School:",null,{"$f":"+DFES!$F$1","v":"Queensbridge School"}]
[null,"DFE No:",null,{"$f":"+DFES!$E$1","v":4173}]
[]
[]
[null,"Section 251 Budget 2023/24",null,null,null,null,null,null,null,null,"£","£"]
[]
[null,"Total SBS (From APT 23/24)",null,null,null,null,null,null,null,null,null,{"$f":"IF(ISNA(VLOOKUP(DFES!$E$1,DATA!$A$1:$CK$299,7,0)),0,VLOOKUP(DFES!$E$1,DATA!$A$1:$CK$299,7,0))","v":6107141.7441145414}]
[]
[null,"High Needs Place Funding",null,null,null,null,null,null,null,null,null,{"$f":"IF(ISNA(VLOOKUP(DFES!$E$1,DATA!$A$1:$CK$299,8,0)),0,VLOOKUP(DFES!$E$1,DATA!$A$1:$CK$299,8,0))","v":0}]
[null,"High Needs Resource Base Funding",null,null,null,null,null,null,null,null,null,{"$f":"IF(ISNA(VLOOKUP(DFES!$E$1,DATA!$A$1:$CK$299,9,0)),0,VLOOKUP(DFES!$E$1,DATA!$A$1:$CK$299,9,0))","v":0}]
[null,"Teachers Pay / Pension",null,null,null,null,null,null,null,null,null,{"$f":"IF(ISNA(VLOOKUP(DFES!$E$1,DATA!$A$1:$CK$299,10,0)),0,VLOOKUP(DFES!$E$1,DATA!$A$1:$CK$299,10,0))","v":0}]
[null,"Early Years Funding",null,null,null,null,null,null,null,null,null,{"$f":"IF(ISNA(VLOOKUP(DFES!$E$1,DATA!$A$1:$CK$299,11,0)),0,VLOOKUP(DFES!$E$1,DATA!$A$1:$CK$299,11,0))","v":0}]
[null,"Post 16 Funding Apr - Jul",null,null,null,null,null,null,null,null,null,{"$f":"IF(ISNA(VLOOKUP(DFES!$E$1,DATA!$A$1:$CK$299,12,0)),0,VLOOKUP(DFES!$E$1,DATA!$A$1:$CK$299,12,0))","v":0}]
[null,"Post 16 Funding Aug - Mar",null,null,null,null,null,null,null,null,null,{"$f":"IF(ISNA(VLOOKUP(DFES!$E$1,DATA!$A$1:$CK$299,13,0)),0,VLOOKUP(DFES!$E$1,DATA!$A$1:$CK$299,13,0))","v":0}]
[null,"Devolved Top Up (Special Only)",null,null,null,null,null,null,null,null,null,{"$f":"IF(ISNA(VLOOKUP(DFES!$E$1,DATA!$A$1:$CK$299,14,0)),0,VLOOKUP(DFES!$E$1,DATA!$A$1:$CK$299,14,0))","v":0}]
[]
[null,"Less Insurance Deductions (Based on 22/23)",null,null,null,null,null,null,null,null,{"$f":"IF(ISNA(VLOOKUP(DFES!$E$1,DATA!$A$1:$CK$299,15,0)),0,VLOOKUP(DFES!$E$1,DATA!$A$1:$CK$299,15,0))","v":-21050}]
[]
[null,"Revised School Budget Share",null,null,null,null,null,null,null,null,null,{"$f":"IF(ISNA(VLOOKUP(DFES!$E$1,DATA!$A$1:$CK$299,16,0)),0,VLOOKUP(DFES!$E$1,DATA!$A$1:$CK$299,16,0))","v":6086091.7441145414}]
[]
[null,"Less Interest (Top Slice rate at 0.0158%) (Based on 22/23)",null,null,null,null,null,null,null,null,{"$f":"IF(ISNA(VLOOKUP(DFES!$E$1,DATA!$A$1:$CK$299,17,0)),0,VLOOKUP(DFES!$E$1,DATA!$A$1:$CK$299,17,0))","v":-803.3641102231195}]
[]
[]
[null,"Total",null,null,null,null,null,null,null,null,null,{"$f":"IF(ISNA(VLOOKUP(DFES!$E$1,DATA!$A$1:$CK$299,18,0)),0,VLOOKUP(DFES!$E$1,DATA!$A$1:$CK$299,18,0))","v":6085288.3800043184}]
[]
[]
[null,"Actual Payments 2023/24"]
[null,"Month",null,null,null,null,null,null,null,null,null,"£"]
[]
[null,"Duplicated 22-23 School Supplemetary Grant",null,null,null,"*Deducted from April Instalment",null,null,null,null,null,{"$f":"-IF(ISNA(VLOOKUP(DFES!$E$1,DATA!$A$1:$CK$299,21,0)),0,VLOOKUP(DFES!$E$1,DATA!$A$1:$CK$299,21,0))","v":97253}]
[null,"2023-04-01",null,null,null,null,null,null,null,null,null,{"$f":"IF(ISNA(VLOOKUP(DFES!$E$1,DATA!$A$1:$CK$299,25,0)),0,VLOOKUP(DFES!$E$1,DATA!$A$1:$CK$299,25,0))","v":409854.36500035989}]
[null,"2023-05-01",null,null,null,null,null,null,null,null,null,{"$f":"IF(ISNA(VLOOKUP(DFES!$E$1,DATA!$A$1:$CK$299,29,0)),0,VLOOKUP(DFES!$E$1,DATA!$A$1:$CK$299,29,0))","v":507107.36500035989}]
[null,"2023-06-01",null,null,null,null,null,null,null,null,null,{"$f":"IF(ISNA(VLOOKUP(DFES!$E$1,DATA!$A$1:$CK$299,33,0)),0,VLOOKUP(DFES!$E$1,DATA!$A$1:$CK$299,33,0))","v":507107.36500035989}]
[null,"2023-07-01",null,null,null,null,null,null,null,null,null,{"$f":"IF(ISNA(VLOOKUP(DFES!$E$1,DATA!$A$1:$CK$299,37,0)),0,VLOOKUP(DFES!$E$1,DATA!$A$1:$CK$299,37,0))","v":507107.36500035989}]
[null,"2023-08-01",null,null,null,null,null,null,null,null,null,{"$f":"IF(ISNA(VLOOKUP(DFES!$E$1,DATA!$A$1:$CK$299,41,0)),0,VLOOKUP(DFES!$E$1,DATA!$A$1:$CK$299,41,0))","v":507107.36500035989}]
[null,"2023-09-01",null,null,null,null,null,null,null,null,null,{"$f":"IF(ISNA(VLOOKUP(DFES!$E$1,DATA!$A$1:$CK$299,45,0)),0,VLOOKUP(DFES!$E$1,DATA!$A$1:$CK$299,45,0))","v":507107.36500035989}]
[null,"2023-10-01",null,null,null,null,null,null,null,null,null,{"$f":"IF(ISNA(VLOOKUP(DFES!$E$1,DATA!$A$1:$CK$299,49,0)),0,VLOOKUP(DFES!$E$1,DATA!$A$1:$CK$299,49,0))","v":507107.36500035989}]
[null,"2023-11-01",null,null,null,null,null,null,null,null,null,{"$f":"IF(ISNA(VLOOKUP(DFES!$E$1,DATA!$A$1:$CK$299,53,0)),0,VLOOKUP(DFES!$E$1,DATA!$A$1:$CK$299,53,0))","v":507107.36500035989}]
[null,"2023-12-01",null,null,null,null,null,null,null,null,null,{"$f":"IF(ISNA(VLOOKUP(DFES!$E$1,DATA!$A$1:$CK$299,57,0)),0,VLOOKUP(DFES!$E$1,DATA!$A$1:$CK$299,57,0))","v":507107.36500035989}]
[null,"2024-01-01",null,null,null,null,null,null,null,null,null,{"$f":"IF(ISNA(VLOOKUP(DFES!$E$1,DATA!$A$1:$CK$299,61,0)),0,VLOOKUP(DFES!$E$1,DATA!$A$1:$CK$299,61,0))","v":507107.36500035989}]
[null,"2024-02-01",null,null,null,null,null,null,null,null,null,{"$f":"IF(ISNA(VLOOKUP(DFES!$E$1,DATA!$A$1:$CK$299,65,0)),0,VLOOKUP(DFES!$E$1,DATA!$A$1:$CK$299,65,0))","v":507107.36500035989}]
[null,"2024-03-01",null,null,null,null,null,null,null,null,null,{"$f":"IF(ISNA(VLOOKUP(DFES!$E$1,DATA!$A$1:$CK$299,69,0)),0,VLOOKUP(DFES!$E$1,DATA!$A$1:$CK$299,69,0))","v":507107.36500035989}]
[]
[null,"Total",null,null,null,null,null,null,null,null,null,{"$f":"SUM(L34:L47)","v":6085288.3800043175}]

{"sheet":"DATA","index":4,"n_rows":94,"n_cols":79,"rows_kept":94,"cut":false,"hidden":true,"merged":[]}
[]
[]
["2023/24 FULL CHEQUE BOOK SCHOOLS EQUAL INSTALMENTS",null,null,null,null,null,null,"Addition","Addition","Addition","Addition","Addition","Addition","Addition","Deduction","Addition/Deduction before Top Slice 0.0132%","Deduction","After all deductions"]
[1,2,3,4,5,6,7,8,9,10,11,12,13,14,15,16,17,18,19,20,21,22,23,24,25,26,27,28,29,30,31,32,33,34,35,36,37,38,39,40,41,42,43,44,45,46,47,48,49,50,51,52,53,54,55,56,57,58,59,60,61,62,63,64,65,66,67,68,69,70,71,72,73,74,75,76,77,78,79]
["DFE Num","Oracle","Fund Centre","School","Vendor Number","Statistical Order","Total SBS from APT 23-24","High Needs Place Funding","High Needs Resource Base Funding","Teachers Pay / Pension","Early Years Funding","Post 16 Funding Apr - Jul","Post 16 Funding Aug - Mar","Devolved Top Up (Special Only)","Insurance Deductions ","Revised SBS (G+H+I+J+K+L+M+N)","Top Slice 0.0132%","Revised SBS Less Top Slice (L-M) To Pay per Annum",null,null,"Duplicated Supplementary Grant",null,"April Instalment","April Adjustment ","Actual April Payment ",null,"May Instalment ","May Adjustment","Actual May Payment ",null,"June Instalment","June Adjustment","Actual June Payment",null,"July Instalment ","July Adjustment","Actual July Payment",null,"August Instalment","August Adjustment","Actual August Payment",null,"September Instalment","September Adjustment- ","Actual September Payment",null,"October Instalment","October Adjustment","Actual October Payment",null,"November Instalment","November Adjustment","Actual November Payment",null,"December Instalment","December Adjustment","Actual December Payment",null,"January Instalment ","January Adjustment","Actual January Payment ",null,"February Instalment","February Adjustment","Actual February Payment",null,"March Instalment","March Adjustment","Actual March Payment",null,"Total Instalments","Total Adjustments","Total Actual Payments Made To Sch","Check ","Comments","Check:"]
[2010,"AX085",null,"Adderley Primary School",null,null,2415887.0251943506,null,0,null,0,null,null,null,-10880,2405007.0251943506,-317.46092732565432,2404689.5642670249,null,null,-43422,null,null,null,156968.79702225208,null,null,null,200390.79702225208,null,null,null,200390.79702225208,null,null,null,200390.79702225208,null,null,null,200390.79702225208,null,null,null,200390.79702225208,null,null,null,200390.79702225208,null,null,null,200390.79702225208,null,null,null,200390.79702225208,null,null,null,200390.79702225208,null,null,null,200390.79702225208,null,null,null,200390.79702225208,null,2404689.5642670249]
[1017,"AX087",null,"Allens Croft Childrens Centre",null,null,0,null,36000,null,848428.99416034075,null,null,null,-2850,881578.99416034075,-116.36842722916499,881462.62573311164,null,null,-2079,null,null,null,71376.218811092636,null,null,null,73455.218811092636,null,null,null,73455.218811092636,null,null,null,73455.218811092636,null,null,null,73455.218811092636,null,null,null,73455.218811092636,null,null,null,73455.218811092636,null,null,null,73455.218811092636,null,null,null,73455.218811092636,null,null,null,73455.218811092636,null,null,null,73455.218811092636,null,null,null,73455.218811092636,null,881462.62573311187]
[5413,"AX08C",null,"Bishop Challoner Catholic College",null,null,6257798.0371762626,null,0,null,0,446121.33333333331,892242.66666666663,null,0,7596162.0371762626,-1002.6933889072667,7595159.3437873553,null,null,-112836,null,null,null,520093.94531561295,null,null,null,632929.94531561295,null,null,null,632929.94531561295,null,null,null,632929.94531561295,null,null,null,632929.94531561295,null,null,null,632929.94531561295,null,null,null,632929.94531561295,null,null,null,632929.94531561295,null,null,null,632929.94531561295,null,null,null,632929.94531561295,null,null,null,632929.94531561295,null,null,null,632929.94531561295,null,7595159.3437873535]
[2254,"AX00Q",null,"Blakesley Hall Primary School",null,null,2905035.2195624933,null,0,null,0,null,null,null,-16230,2888805.2195624933,-381.32228898224912,2888423.8972735112,null,null,-48210,null,null,null,0,null,null,null,240701.99143945926,null,null,null,240701.99143945926,null,null,null,240701.99143945926,null,null,null,240701.99143945926,null,null,null,240701.99143945926,null,null,null,240701.99143945926,null,null,null,240701.99143945926,null,null,null,240701.99143945926,null,null,null,240701.99143945926,null,null,null,240701.99143945926,null,null,null,240701.99143945926,null,2695931.9058340527]
[2402,"AX08G",null,"Boldmere Infant & Nursery School",null,null,1251450.001292224,null,136000,null,119862.02884615386,null,null,null,-4450,1502862.0301383778,-198.37778797826587,1502663.6523503996,null,null,-20231,null,null,null,104990.97102919997,null,null,null,125221.97102919997,null,null,null,125221.97102919997,null,null,null,125221.97102919997,null,null,null,125221.97102919997,null,null,null,125221.97102919997,null,null,null,125221.97102919997,null,null,null,125221.97102919997,null,null,null,125221.97102919997,null,null,null,125221.97102919997,null,null,null,125221.97102919997,null,null,null,125221.97102919997,null,1502663.6523503994]
[2401,"AX00T",null,"Boldmere Junior School",null,null,1664650.8,null,0,null,0,null,null,null,-8200,1656450.8,-218.65150560000004,1656232.1484944001,null,null,-25833,null,null,null,112186.34570786668,null,null,null,138019.34570786668,null,null,null,138019.34570786668,null,null,null,138019.34570786668,null,null,null,138019.34570786668,null,null,null,138019.34570786668,null,null,null,138019.34570786668,null,null,null,138019.34570786668,null,null,null,138019.34570786668,null,null,null,138019.34570786668,null,null,null,138019.34570786668,null,null,null,138019.34570786668,null,1656232.1484943999]
[4115,"AX08J",null,"Bordesley Green Girls School",null,null,4682933.784230493,null,76000,null,0,707197.66666666663,1414395.3333333333,null,-16230,6864296.784230493,-906.08717551842517,6863390.6970549747,null,null,-85474,null,null,null,486475.22475458123,null,null,null,571949.22475458123,null,null,null,571949.22475458123,null,null,null,571949.22475458123,null,null,null,571949.22475458123,null,null,null,571949.22475458123,null,null,null,571949.22475458123,null,null,null,571949.22475458123,null,null,null,571949.22475458123,null,null,null,571949.22475458123,null,null,null,571949.22475458123,null,null,null,571949.22475458123,null,6863390.6970549747]
[2030,"AX08H",null,"Bordesley Green Primary School",null,null,3215725.6028137458,null,0,null,139816.65882352943,null,null,null,-16230,3339312.2616372751,-440.78921853612036,3338871.472418739,null,null,-50630,null,null,null,227609.28936822823,null,null,null,278239.28936822823,null,null,null,278239.28936822823,null,null,null,278239.28936822823,null,null,null,278239.28936822823,null,null,null,278239.28936822823,null,null,null,278239.28936822823,null,null,null,278239.28936822823,null,null,null,278239.28936822823,null,null,null,278239.28936822823,null,null,null,278239.28936822823,null,null,null,278239.28936822823,null,3338871.4724187381]
[2238,"AX08N",null,"Broadmeadow Infant & Nursery School",null,null,886003.20884459652,null,0,null,110949.25,null,null,null,-4450,992502.45884459652,-131.01032456748675,992371.44852002908,null,null,-15334,null,null,null,67363.620710002418,null,null,null,82697.620710002418,null,null,null,82697.620710002418,null,null,null,82697.620710002418,null,null,null,82697.620710002418,null,null,null,82697.620710002418,null,null,null,82697.620710002418,null,null,null,82697.620710002418,null,null,null,82697.620710002418,null,null,null,82697.620710002418,null,null,null,82697.620710002418,null,null,null,82697.620710002418,null,992371.44852002885]
[2236,"AX010",null,"Broadmeadow Junior School",null,null,1182182.6515714286,null,0,null,0,null,null,null,-4450,1177732.6515714286,-155.46071000742859,1177577.1908614212,null,null,-21020,null,null,null,77111.432571785102,null,null,null,98131.432571785102,null,null,null,98131.432571785102,null,null,null,98131.432571785102,null,null,null,98131.432571785102,null,null,null,98131.432571785102,null,null,null,98131.432571785102,null,null,null,98131.432571785102,null,null,null,98131.432571785102,null,null,null,98131.432571785102,null,null,null,98131.432571785102,null,null,null,98131.432571785102,null,1177577.1908614209]
[4801,"AX08U",null,"Cardinal Wiseman Catholic Technology College",null,null,5416565.2146107918,null,0,null,0,null,null,null,-16230,5400335.2146107918,-712.84424832862453,5399622.3703624634,null,null,-91449,null,null,null,358519.53086353862,null,null,null,449968.53086353862,null,null,null,449968.53086353862,null,null,null,449968.53086353862,null,null,null,449968.53086353862,null,null,null,449968.53086353862,null,null,null,449968.53086353862,null,null,null,449968.53086353862,null,null,null,449968.53086353862,null,null,null,449968.53086353862,null,null,null,449968.53086353862,null,null,null,449968.53086353862,null,5399622.3703624615]
[2312,"AX015",null,"Chad Vale Primary School",null,null,1915891.3970385001,null,0,null,0,null,null,null,-8200,1907691.3970385001,-251.81526440908203,1907439.5817740909,null,null,-28935,null,null,null,130018.29848117425,null,null,null,158953.29848117425,null,null,null,158953.29848117425,null,null,null,158953.29848117425,null,null,null,158953.29848117425,null,null,null,158953.29848117425,null,null,null,158953.29848117425,null,null,null,158953.29848117425,null,null,null,158953.29848117425,null,null,null,158953.29848117425,null,null,null,158953.29848117425,null,null,null,158953.29848117425,null,1907439.5817740911]
[7051,"AX017",null,"Cherry Oak School",null,null,0,1110000,0,84360,1833,null,null,1120607,-2850,2313950,-305.44140000000004,2313644.5586000001,null,null,0,null,null,null,192803.71321666669,null,null,null,192803.71321666669,null,null,null,192803.71321666669,null,null,null,192803.71321666669,null,null,null,192803.71321666669,null,null,null,192803.71321666669,null,null,null,192803.71321666669,null,null,null,192803.71321666669,null,null,null,192803.71321666669,null,null,null,192803.71321666669,null,null,null,192803.71321666669,null,null,null,192803.71321666669,null,2313644.5585999996]
[2251,"AX08W",null,"Chilcote Primary School",null,null,1840758.793510668,null,0,null,111614.2,null,null,null,-8200,1944172.9935106679,-256.63083514340821,1943916.3626755245,null,null,-29863,null,null,null,132130.03022296037,null,null,null,161993.03022296037,null,null,null,161993.03022296037,null,null,null,161993.03022296037,null,null,null,161993.03022296037,null,null,null,161993.03022296037,null,null,null,161993.03022296037,null,null,null,161993.03022296037,null,null,null,161993.03022296037,null,null,null,161993.03022296037,null,null,null,161993.03022296037,null,null,null,161993.03022296037,null,1943916.3626755241]
[3002,"AX01A",null,"Christ Church CE Primary School",null,null,1209196.9850579042,null,0,null,73644.178461538453,null,null,null,-4450,1278391.1635194425,-168.74763358456642,1278222.415885858,null,null,-18736,null,null,null,87782.534657154829,null,null,null,106518.53465715483,null,null,null,106518.53465715483,null,null,null,106518.53465715483,null,null,null,106518.53465715483,null,null,null,106518.53465715483,null,null,null,106518.53465715483,null,null,null,106518.53465715483,null,null,null,106518.53465715483,null,null,null,106518.53465715483,null,null,null,106518.53465715483,null,null,null,106518.53465715483,null,1278222.415885858]
[3319,"AX019",null,"Christ The King Catholic Primary School",null,null,1871766.7717802143,null,2500,null,137158.28000000003,null,null,null,-8200,2003225.0517802143,-264.42570683498832,2002960.6260733793,null,null,-31919,null,null,null,134994.38550611495,null,null,null,166913.38550611495,null,null,null,166913.38550611495,null,null,null,166913.38550611495,null,null,null,166913.38550611495,null,null,null,166913.38550611495,null,null,null,166913.38550611495,null,null,null,166913.38550611495,null,null,null,166913.38550611495,null,null,null,166913.38550611495,null,null,null,166913.38550611495,null,null,null,166913.38550611495,null,2002960.6260733793]
[5416,"AX091",null,"Colmers School and Sixth Form College",null,null,8338718.3816980012,null,0,null,0,143659,287318,null,-26050,8743645.3816980012,-1154.1611903841363,8742491.2205076162,null,null,-140733,null,null,null,587807.93504230131,null,null,null,728540.93504230131,null,null,null,728540.93504230131,null,null,null,728540.93504230131,null,null,null,728540.93504230131,null,null,null,728540.93504230131,null,null,null,728540.93504230131,null,null,null,728540.93504230131,null,null,null,728540.93504230131,null,null,null,728540.93504230131,null,null,null,728540.93504230131,null,null,null,728540.93504230131,null,8742491.2205076162]
[2054,"AX092",null,"Colmore Infant School",null,null,1657104.6988508422,null,0,null,142862.70000000001,null,null,null,-8200,1791767.3988508421,-236.51329664831118,1791530.8855541938,null,null,-26792,null,null,null,122502.24046284947,null,null,null,149294.24046284947,null,null,null,149294.24046284947,null,null,null,149294.24046284947,null,null,null,149294.24046284947,null,null,null,149294.24046284947,null,null,null,149294.24046284947,null,null,null,149294.24046284947,null,null,null,149294.24046284947,null,null,null,149294.24046284947,null,null,null,149294.24046284947,null,null,null,149294.24046284947,null,1791530.8855541933]
[2053,"AX093",null,"Colmore Junior School",null,null,2129128.682370604,null,0,null,0,null,null,null,-10880,2118248.682370604,-279.60882607291973,2117969.0735445311,null,null,-35377,null,null,null,141120.42279537758,null,null,null,176497.42279537758,null,null,null,176497.42279537758,null,null,null,176497.42279537758,null,null,null,176497.42279537758,null,null,null,176497.42279537758,null,null,null,176497.42279537758,null,null,null,176497.42279537758,null,null,null,176497.42279537758,null,null,null,176497.42279537758,null,null,null,176497.42279537758,null,null,null,176497.42279537758,null,2117969.0735445311]
[2296,"AX027",null,"Glenmead Primary School",null,null,1431285.5913094643,null,0,null,0,null,null,null,-8200,1423085.5913094643,-187.84729805284931,1422897.7440114114,null,null,-26179,null,null,null,92395.812000950958,null,null,null,118574.81200095096,null,null,null,118574.81200095096,null,null,null,118574.81200095096,null,null,null,118574.81200095096,null,null,null,118574.81200095096,null,null,null,118574.81200095096,null,null,null,118574.81200095096,null,null,null,118574.81200095096,null,null,null,118574.81200095096,null,null,null,118574.81200095096,null,null,null,118574.81200095096,null,1422897.7440114114]
[2092,"AX02H",null,"Hall Green Junior School",null,null,2148556.5214057043,null,0,null,0,null,null,null,-10227,2138329.5214057043,-282.25949682555301,2138047.2619088786,null,null,-36919,null,null,null,141251.60515907322,null,null,null,178170.60515907322,null,null,null,178170.60515907322,null,null,null,178170.60515907322,null,null,null,178170.60515907322,null,null,null,178170.60515907322,null,null,null,178170.60515907322,null,null,null,178170.60515907322,null,null,null,178170.60515907322,null,null,null,178170.60515907322,null,null,null,178170.60515907322,null,null,null,178170.60515907322,null,2138047.2619088786]
[4015,"AX0A2",null,"Hodge Hill Girls School",null,null,4984126.0298659345,null,0,null,0,null,null,null,0,4984126.0298659345,-657.90463594230346,4983468.125229992,null,null,-89587,null,null,null,325702.01043583266,null,null,null,415289.01043583266,null,null,null,415289.01043583266,null,null,null,415289.01043583266,null,null,null,415289.01043583266,null,null,null,415289.01043583266,null,null,null,415289.01043583266,null,null,null,415289.01043583266,null,null,null,415289.01043583266,null,null,null,415289.01043583266,null,null,null,415289.01043583266,null,null,null,415289.01043583266,null,4983468.125229992]
[4201,"AX0A1",null,"Hodge Hill School",null,null,8376273.4328065114,null,0,null,0,null,null,null,-26410,8349863.4328065114,-1102.1819731304595,8348761.250833381,null,null,-146417,null,null,null,549313.10423611512,null,null,null,695730.10423611512,null,null,null,695730.10423611512,null,null,null,695730.10423611512,null,null,null,695730.10423611512,null,null,null,695730.10423611512,null,null,null,695730.10423611512,null,null,null,695730.10423611512,null,null,null,695730.10423611512,null,null,null,695730.10423611512,null,null,null,695730.10423611512,null,null,null,695730.10423611512,null,8348761.25083338]
[4223,"AX0A4",null,"Holte School",null,null,7511789.7930333223,null,0,null,0,335062,670124,null,0,8516975.7930333223,-1124.2408046803987,8515851.5522286426,null,null,-142312,null,null,null,567342.29601905355,null,null,null,709654.29601905355,null,null,null,709654.29601905355,null,null,null,709654.29601905355,null,null,null,709654.29601905355,null,null,null,709654.29601905355,null,null,null,709654.29601905355,null,null,null,709654.29601905355,null,null,null,709654.29601905355,null,null,null,709654.29601905355,null,null,null,709654.29601905355,null,null,null,709654.29601905355,null,8515851.5522286408]
[2015,"AX032",null,"James Watt Primary School",null,null,2229772.7493632836,null,0,null,153795.02187500001,null,null,null,-8200,2375367.7712382837,-313.54854580345346,2375054.2226924803,null,null,-34991,null,null,null,162930.18522437336,null,null,null,197921.18522437336,null,null,null,197921.18522437336,null,null,null,197921.18522437336,null,null,null,197921.18522437336,null,null,null,197921.18522437336,null,null,null,197921.18522437336,null,null,null,197921.18522437336,null,null,null,197921.18522437336,null,null,null,197921.18522437336,null,null,null,197921.18522437336,null,null,null,197921.18522437336,null,2375054.2226924803]
[2462,"AX03L",null,"Little Sutton Primary School",null,null,1848638.52,null,0,null,0,null,null,null,-8200,1840438.52,-242.93788464000002,1840195.5821153601,null,null,-27414,null,null,null,125935.63184294666,null,null,null,153349.63184294666,null,null,null,153349.63184294666,null,null,null,153349.63184294666,null,null,null,153349.63184294666,null,null,null,153349.63184294666,null,null,null,153349.63184294666,null,null,null,153349.63184294666,null,null,null,153349.63184294666,null,null,null,153349.63184294666,null,null,null,153349.63184294666,null,null,null,153349.63184294666,null,1840195.5821153598]
[2127,"AX0AN",null,"Lozells J & I School",null,null,2259780.7828770871,null,0,null,133835.17499999999,null,null,null,0,2393615.9578770869,-315.95730643977549,2393300.000570647,null,null,-38104,null,null,null,161337.66671422057,null,null,null,199441.66671422057,null,null,null,199441.66671422057,null,null,null,199441.66671422057,null,null,null,199441.66671422057,null,null,null,199441.66671422057,null,null,null,199441.66671422057,null,null,null,199441.66671422057,null,null,null,199441.66671422057,null,null,null,199441.66671422057,null,null,null,199441.66671422057,null,null,null,199441.66671422057,null,2393300.000570647]
[2129,"AX03N",null,"Lyndon Green Infant School",null,null,1347520.3953959011,null,76000,null,0,null,null,null,-5943,1417577.3953959011,-187.12021619225897,1417390.2751797088,null,null,-21754,null,null,null,96361.856264975737,null,null,null,118115.85626497574,null,null,null,118115.85626497574,null,null,null,118115.85626497574,null,null,null,118115.85626497574,null,null,null,118115.85626497574,null,null,null,118115.85626497574,null,null,null,118115.85626497574,null,null,null,118115.85626497574,null,null,null,118115.85626497574,null,null,null,118115.85626497574,null,null,null,118115.85626497574,null,1417390.2751797088]
[2128,"AX03P",null,"Lyndon Green Junior School",null,null,1679959.9684881303,null,72000,null,0,null,null,null,-8200,1743759.9684881303,-230.1763158404332,1743529.7921722899,null,null,-28243,null,null,null,117051.14934769084,null,null,null,145294.14934769084,null,null,null,145294.14934769084,null,null,null,145294.14934769084,null,null,null,145294.14934769084,null,null,null,145294.14934769084,null,null,null,145294.14934769084,null,null,null,145294.14934769084,null,null,null,145294.14934769084,null,null,null,145294.14934769084,null,null,null,145294.14934769084,null,null,null,145294.14934769084,null,1743529.7921722902]
[2133,"AX03V",null,"Marsh Hill Primary School",null,null,2347298.2453634338,null,0,null,0,null,null,null,-8200,2339098.2453634338,-308.76096838797326,2338789.4843950458,null,null,-34600,null,null,null,160299.12369958716,null,null,null,194899.12369958716,null,null,null,194899.12369958716,null,null,null,194899.12369958716,null,null,null,194899.12369958716,null,null,null,194899.12369958716,null,null,null,194899.12369958716,null,null,null,194899.12369958716,null,null,null,194899.12369958716,null,null,null,194899.12369958716,null,null,null,194899.12369958716,null,null,null,194899.12369958716,null,2338789.4843950458]
[3322,"AX03X",null,"Maryvale Catholic Primary School",null,null,1064449.2504873392,null,0,null,77682.175000000003,null,null,null,-4450,1137681.4254873393,-150.17394816432881,1137531.2515391749,null,null,-17706,null,null,null,77088.270961597911,null,null,null,94794.270961597911,null,null,null,94794.270961597911,null,null,null,94794.270961597911,null,null,null,94794.270961597911,null,null,null,94794.270961597911,null,null,null,94794.270961597911,null,null,null,94794.270961597911,null,null,null,94794.270961597911,null,null,null,94794.270961597911,null,null,null,94794.270961597911,null,null,null,94794.270961597911,null,1137531.2515391749]
[4245,"AX0AW",null,"Moseley School",null,null,9076642.9796850253,null,0,null,0,467097,934194,null,-30681,10447252.979685025,-1379.0373933184235,10445873.942291707,null,null,-162777.71,null,null,null,707711.78519097564,null,null,null,870489.49519097561,null,null,null,870489.49519097561,null,null,null,870489.49519097561,null,null,null,870489.49519097561,null,null,null,870489.49519097561,null,null,null,870489.49519097561,null,null,null,870489.49519097561,null,null,null,870489.49519097561,null,null,null,870489.49519097561,null,null,null,870489.49519097561,null,null,null,870489.49519097561,null,10445873.942291709]
[3323,"AX049",null,"Oratory R C Primary School",null,null,1089833.7509055822,null,0,null,67410.458333333343,null,null,null,0,1157244.2092389155,-152.75623561953685,1157091.4530032959,null,null,-18445,null,null,null,77979.287750274656,null,null,null,96424.287750274656,null,null,null,96424.287750274656,null,null,null,96424.287750274656,null,null,null,96424.287750274656,null,null,null,96424.287750274656,null,null,null,96424.287750274656,null,null,null,96424.287750274656,null,null,null,96424.287750274656,null,null,null,96424.287750274656,null,null,null,96424.287750274656,null,null,null,96424.287750274656,null,1157091.4530032959]
[4173,"AX0BD",null,"Queensbridge School",null,null,6107141.7441145414,null,0,null,0,null,null,null,-21050,6086091.7441145414,-803.3641102231195,6085288.3800043184,null,null,-97253,null,null,null,409854.36500035989,null,null,null,507107.36500035989,null,null,null,507107.36500035989,null,null,null,507107.36500035989,null,null,null,507107.36500035989,null,null,null,507107.36500035989,null,null,null,507107.36500035989,null,null,null,507107.36500035989,null,null,null,507107.36500035989,null,null,null,507107.36500035989,null,null,null,507107.36500035989,null,null,null,507107.36500035989,null,6085288.3800043175]
[7033,"AX0BK",null,"Selly Oak Trust School",null,null,0,3950000,0,300200,0,null,null,1698428,-8200,5940428,-784.13649600000008,5939643.863504,null,null,0,null,null,null,494970.32195866667,null,null,null,494970.32195866667,null,null,null,494970.32195866667,null,null,null,494970.32195866667,null,null,null,494970.32195866667,null,null,null,494970.32195866667,null,null,null,494970.32195866667,null,null,null,494970.32195866667,null,null,null,494970.32195866667,null,null,null,494970.32195866667,null,null,null,494970.32195866667,null,null,null,494970.32195866667,null,5939643.863504]
[4177,"AX0BL",null,"Selly Park Tech College For Girls",null,null,5588911.6320293518,null,0,null,0,null,null,null,-16230,5572681.6320293518,-735.59397542787451,5571946.0380539242,null,null,-95509,null,null,null,368819.83650449367,null,null,null,464328.83650449367,null,null,null,464328.83650449367,null,null,null,464328.83650449367,null,null,null,464328.83650449367,null,null,null,464328.83650449367,null,null,null,464328.83650449367,null,null,null,464328.83650449367,null,null,null,464328.83650449367,null,null,null,464328.83650449367,null,null,null,464328.83650449367,null,null,null,464328.83650449367,null,5571946.0380539251]
[1038,"AX056",null,"Shenleyfields Nursery School",null,null,0,null,0,null,749819.12391282083,null,null,null,-2850,746969.12391282083,-98.599924356492352,746870.52398846438,null,null,-1896,null,null,null,60343.210332372029,null,null,null,62239.210332372029,null,null,null,62239.210332372029,null,null,null,62239.210332372029,null,null,null,62239.210332372029,null,null,null,62239.210332372029,null,null,null,62239.210332372029,null,null,null,62239.210332372029,null,null,null,62239.210332372029,null,null,null,62239.210332372029,null,null,null,62239.210332372029,null,null,null,62239.210332372029,null,746870.52398846427]
[2174,"AX0BR",null,"Sladefield Infants School",null,null,1791532.2692612219,null,0,null,0,null,null,null,-7560,1783972.2692612219,-235.48433954248131,1783736.7849216794,null,null,-28613,null,null,null,120031.73207680663,null,null,null,148644.73207680663,null,null,null,148644.73207680663,null,null,null,148644.73207680663,null,null,null,148644.73207680663,null,null,null,148644.73207680663,null,null,null,148644.73207680663,null,null,null,148644.73207680663,null,null,null,148644.73207680663,null,null,null,148644.73207680663,null,null,null,148644.73207680663,null,null,null,148644.73207680663,null,1783736.7849216799]
[3363,"AX05Q",null,"St Dunstans Primary School",null,null,1671140.6852535016,null,0,null,82114.88461538461,null,null,null,-8200,1745055.5698688861,-230.34733522269298,1744825.2225336635,null,null,-29632,null,null,null,115770.10187780528,null,null,null,145402.10187780528,null,null,null,145402.10187780528,null,null,null,145402.10187780528,null,null,null,145402.10187780528,null,null,null,145402.10187780528,null,null,null,145402.10187780528,null,null,null,145402.10187780528,null,null,null,145402.10187780528,null,null,null,145402.10187780528,null,null,null,145402.10187780528,null,null,null,145402.10187780528,null,1744825.2225336635]
[3377,"AX066",null,"St Jude's Catholic Primary School",null,null,1103199.0072380784,null,0,null,47448,null,null,null,0,1150647.0072380784,-151.88540495542637,1150495.121833123,null,null,-19109,null,null,null,76765.593486093581,null,null,null,95874.593486093581,null,null,null,95874.593486093581,null,null,null,95874.593486093581,null,null,null,95874.593486093581,null,null,null,95874.593486093581,null,null,null,95874.593486093581,null,null,null,95874.593486093581,null,null,null,95874.593486093581,null,null,null,95874.593486093581,null,null,null,95874.593486093581,null,null,null,95874.593486093581,null,1150495.121833123]
[3371,"AX067",null,"St Laurence Church Infant School",null,null,1305315.5474578138,null,0,null,0,null,null,null,-4450,1300865.5474578138,-171.71425226443142,1300693.8332055493,null,null,-19957,null,null,null,88434.152767129111,null,null,null,108391.15276712911,null,null,null,108391.15276712911,null,null,null,108391.15276712911,null,null,null,108391.15276712911,null,null,null,108391.15276712911,null,null,null,108391.15276712911,null,null,null,108391.15276712911,null,null,null,108391.15276712911,null,null,null,108391.15276712911,null,null,null,108391.15276712911,null,null,null,108391.15276712911,null,1300693.833205549]
[3016,"AX06F",null,"St Matthew's CE Primary School",null,null,1262274.4623915001,null,0,null,0,null,null,null,-4450,1257824.4623915001,-166.03282903567802,1257658.4295624644,null,null,-19621,null,null,null,85183.869130205363,null,null,null,104804.86913020536,null,null,null,104804.86913020536,null,null,null,104804.86913020536,null,null,null,104804.86913020536,null,null,null,104804.86913020536,null,null,null,104804.86913020536,null,null,null,104804.86913020536,null,null,null,104804.86913020536,null,null,null,104804.86913020536,null,null,null,104804.86913020536,null,null,null,104804.86913020536,null,1257658.4295624644]
[4606,"AX0C4",null,"St Pauls Girls School",null,null,5228436.5880882265,null,0,null,0,377231.33333333331,754462.66666666663,null,-21050,6339080.5880882265,-836.75863762764595,6338243.8294505989,null,null,-93123,null,null,null,435063.98578754987,null,null,null,528186.98578754987,null,null,null,528186.98578754987,null,null,null,528186.98578754987,null,null,null,528186.98578754987,null,null,null,528186.98578754987,null,null,null,528186.98578754987,null,null,null,528186.98578754987,null,null,null,528186.98578754987,null,null,null,528186.98578754987,null,null,null,528186.98578754987,null,null,null,528186.98578754987,null,6338243.8294505989]
[3428,"AX06L",null,"St Peters CE Primary School",null,null,1873626.7876328574,null,0,null,129687.20810810811,null,null,null,-8200,1995113.9957409655,-263.35504743780746,1994850.6406935276,null,null,-30216,null,null,null,136021.55339112729,null,null,null,166237.55339112729,null,null,null,166237.55339112729,null,null,null,166237.55339112729,null,null,null,166237.55339112729,null,null,null,166237.55339112729,null,null,null,166237.55339112729,null,null,null,166237.55339112729,null,null,null,166237.55339112729,null,null,null,166237.55339112729,null,null,null,166237.55339112729,null,null,null,166237.55339112729,null,1994850.6406935279]
[4237,"AX0C8",null,"Swanshurst",null,null,10311539.307837784,null,0,null,0,567911.33333333337,1135822.6666666667,null,-39800,11975473.307837784,-1580.7624766345878,11973892.54536115,null,null,-189519.77,null,null,null,808304.60878009582,null,null,null,997824.37878009584,null,null,null,997824.37878009584,null,null,null,997824.37878009584,null,null,null,997824.37878009584,null,null,null,997824.37878009584,null,null,null,997824.37878009584,null,null,null,997824.37878009584,null,null,null,997824.37878009584,null,null,null,997824.37878009584,null,null,null,997824.37878009584,null,null,null,997824.37878009584,null,11973892.54536115]
[7014,"AX07A",null,"Uffculme School",null,null,0,2660000,0,202160,2378,null,null,2989691,-5040,5849189,-772.09294800000009,5848416.9070520001,null,null,0,null,null,null,487368.07558766665,null,null,null,487368.07558766665,null,null,null,487368.07558766665,null,null,null,487368.07558766665,null,null,null,487368.07558766665,null,null,null,487368.07558766665,null,null,null,487368.07558766665,null,null,null,487368.07558766665,null,null,null,487368.07558766665,null,null,null,487368.07558766665,null,null,null,487368.07558766665,null,null,null,487368.07558766665,null,5848416.9070520001]
[7009,"AX0CG",null,"Victoria School",null,null,0,2280000,0,173280,11877.05,null,null,2856728,-4450,5317435.05,-701.90142660000004,5316733.1485733995,null,null,0,null,null,null,443061.09571444994,null,null,null,443061.09571444994,null,null,null,443061.09571444994,null,null,null,443061.09571444994,null,null,null,443061.09571444994,null,null,null,443061.09571444994,null,null,null,443061.09571444994,null,null,null,443061.09571444994,null,null,null,443061.09571444994,null,null,null,443061.09571444994,null,null,null,443061.09571444994,null,null,null,443061.09571444994,null,5316733.1485733995]
[5203,"AX0CH",null,"Walmley Infant School",null,null,1212855.7909049434,null,0,null,246561.1,null,null,null,-4450,1454966.8909049435,-192.05562959945254,1454774.8352753441,null,null,-19259,null,null,null,101972.23627294535,null,null,null,121231.23627294535,null,null,null,121231.23627294535,null,null,null,121231.23627294535,null,null,null,121231.23627294535,null,null,null,121231.23627294535,null,null,null,121231.23627294535,null,null,null,121231.23627294535,null,null,null,121231.23627294535,null,null,null,121231.23627294535,null,null,null,121231.23627294535,null,null,null,121231.23627294535,null,1454774.8352753439]
[5202,"AX0CJ",null,"Walmley Junior School",null,null,1577037.6,null,0,null,0,null,null,null,0,1577037.6,-208.16896320000004,1576829.4310368001,null,null,-24341,null,null,null,107061.4525864,null,null,null,131402.4525864,null,null,null,131402.4525864,null,null,null,131402.4525864,null,null,null,131402.4525864,null,null,null,131402.4525864,null,null,null,131402.4525864,null,null,null,131402.4525864,null,null,null,131402.4525864,null,null,null,131402.4525864,null,null,null,131402.4525864,null,null,null,131402.4525864,null,1576829.4310368001]
[2308,"AX0CL",null,"Welford School",null,null,2281863.8585784254,null,8500,null,118456.5947368421,null,null,null,-8200,2400620.4533152673,-316.88189983761532,2400303.5714154299,null,null,-37586,null,null,null,162439.29761795248,null,null,null,200025.29761795248,null,null,null,200025.29761795248,null,null,null,200025.29761795248,null,null,null,200025.29761795248,null,null,null,200025.29761795248,null,null,null,200025.29761795248,null,null,null,200025.29761795248,null,null,null,200025.29761795248,null,null,null,200025.29761795248,null,null,null,200025.29761795248,null,null,null,200025.29761795248,null,2400303.5714154299]
[2011,"AX07P",null,"Wheelers Lane Primary School",null,null,2795705.4275284414,null,0,null,112409.3,null,null,null,-16230,2891884.7275284412,-381.72878403375427,2891502.9987444077,null,null,-47114,null,null,null,193844.58322870065,null,null,null,240958.58322870065,null,null,null,240958.58322870065,null,null,null,240958.58322870065,null,null,null,240958.58322870065,null,null,null,240958.58322870065,null,null,null,240958.58322870065,null,null,null,240958.58322870065,null,null,null,240958.58322870065,null,null,null,240958.58322870065,null,null,null,240958.58322870065,null,null,null,240958.58322870065,null,2891502.9987444081]
[2293,"AX07T",null,"William Murdoch Primary School",null,null,2999987.9687024797,null,0,null,117691.0359375,null,null,null,-16230,3101449.0046399799,-409.3912686124774,3101039.6133713676,null,null,-49496,null,null,null,208923.96778094731,null,null,null,258419.96778094731,null,null,null,258419.96778094731,null,null,null,258419.96778094731,null,null,null,258419.96778094731,null,null,null,258419.96778094731,null,null,null,258419.96778094731,null,null,null,258419.96778094731,null,null,null,258419.96778094731,null,null,null,258419.96778094731,null,null,null,258419.96778094731,null,null,null,258419.96778094731,null,3101039.6133713671]
[2225,"AX0CQ",null,"Worlds End Junior School",null,null,1812614.466768807,null,56000,null,0,null,null,null,-8200,1860414.466768807,-245.57470961348255,1860168.8920591935,null,null,-31293,null,null,null,123721.07433826613,null,null,null,155014.07433826613,null,null,null,155014.07433826613,null,null,null,155014.07433826613,null,null,null,155014.07433826613,null,null,null,155014.07433826613,null,null,null,155014.07433826613,null,null,null,155014.07433826613,null,null,null,155014.07433826613,null,null,null,155014.07433826613,null,null,null,155014.07433826613,null,null,null,155014.07433826613,null,1860168.8920591937]
[2412,"AX07Y",null,"Wylde Green Primary School",null,null,1900428.1641244243,null,0,null,0,null,null,null,-8200,1892228.1641244243,-249.77411766442404,1891978.3900067599,null,null,-30158,null,null,null,127506.86583389665,null,null,null,157664.86583389665,null,null,null,157664.86583389665,null,null,null,157664.86583389665,null,null,null,157664.86583389665,null,null,null,157664.86583389665,null,null,null,157664.86583389665,null,null,null,157664.86583389665,null,null,null,157664.86583389665,null,null,null,157664.86583389665,null,null,null,157664.86583389665,null,null,null,157664.86583389665,null,1891978.3900067599]
[2486,"AX01Z",null,"Forestdale Primary School",null,null,1222074.5846101714,null,null,null,60717,null,null,null,null,1282791.5846101714,-169.32848916854263,1282622.2561210028,null,null,0,null,null,null,106885.18801008357,null,null,null,106885.18801008357,null,null,null,106885.18801008357,null,null,null,106885.18801008357,null,null,null,106885.18801008357,null,null,null,106885.18801008357,null,null,null,106885.18801008357,null,null,null,106885.18801008357,null,null,null,106885.18801008357,null,null,null,106885.18801008357,null,null,null,106885.18801008357,null,null,null,106885.18801008357,null,1282622.2561210024]
[2300,"AX008",null,"Arden Primary School",null,null,3203885.9768975102,null,null,null,211072,null,null,null,null,3414957.9768975102,-450.77445295047141,3414507.2024445599,null,null,0,null,null,null,284542.26687037997,null,null,null,284542.26687037997,null,null,null,284542.26687037997,null,null,null,284542.26687037997,null,null,null,284542.26687037997,null,null,null,284542.26687037997,null,null,null,284542.26687037997,null,null,null,284542.26687037997,null,null,null,284542.26687037997,null,null,null,284542.26687037997,null,null,null,284542.26687037997,null,null,null,284542.26687037997,null,3414507.2024445594]
[4193,"AX07N",null,"Wheelers Lane Secondary School",null,null,4450968.4408251829,null,null,null,null,null,null,null,null,4450968.4408251829,-587.5278341889242,4450380.9129909938,null,null,0,null,null,null,370865.07608258282,null,null,null,370865.07608258282,null,null,null,370865.07608258282,null,null,null,370865.07608258282,null,null,null,370865.07608258282,null,null,null,370865.07608258282,null,null,null,370865.07608258282,null,null,null,370865.07608258282,null,null,null,370865.07608258282,null,null,null,370865.07608258282,null,null,null,370865.07608258282,null,null,null,370865.07608258282,null,4450380.9129909929,null,null,null,null,-6054231.5281435549]
[2055,"AX01J",null,"Cotteridge Primary School",null,null,1987027.5872621147,null,null,null,106907,null,null,null,null,2093934.5872621147,-276.39936551859915,2093658.187896596,null,null,0,null,null,null,174471.51565804967,null,null,null,174471.51565804967,null,null,null,174471.51565804967,null,null,null,174471.51565804967,null,null,null,174471.51565804967,null,null,null,174471.51565804967,null,null,null,174471.51565804967,null,null,null,174471.51565804967,null,null,null,174471.51565804967,null,null,null,174471.51565804967,null,null,null,174471.51565804967,null,null,null,174471.51565804967,null,2093658.1878965956]
[2416,"AX041",null,"Moor Hall Primary School",null,null,1653699.15,null,null,null,null,null,null,null,null,1653699.15,-218.28828780000001,1653480.8617121999,null,null,0,null,null,null,137790.07180934999,null,null,null,137790.07180934999,null,null,null,137790.07180934999,null,null,null,137790.07180934999,null,null,null,137790.07180934999,null,null,null,137790.07180934999,null,null,null,137790.07180934999,null,null,null,137790.07180934999,null,null,null,137790.07180934999,null,null,null,137790.07180934999,null,null,null,137790.07180934999,null,null,null,137790.07180934999,null,1653480.8617122003]
[7016,"AX00E",null,"Baskerville School",null,null,0,1880000,0,142880,0,null,null,3473236,null,5496116,-725.48731200000009,5495390.5126879998,null,null,0,null,null,null,457949.20939066663,null,null,null,457949.20939066663,null,null,null,457949.20939066663,null,null,null,457949.20939066663,null,null,null,457949.20939066663,null,null,null,457949.20939066663,null,null,null,457949.20939066663,null,null,null,457949.20939066663,null,null,null,457949.20939066663,null,null,null,457949.20939066663,null,null,null,457949.20939066663,null,null,null,457949.20939066663,null,5495390.5126879998]
[7053,"AX04C",null,"Oscott Manor School",null,null,0,1800000,0,136800,0,null,null,1537830,null,3474630,-458.65116000000006,3474171.3488400001,null,null,0,null,null,null,289514.27906999999,null,null,null,289514.27906999999,null,null,null,289514.27906999999,null,null,null,289514.27906999999,null,null,null,289514.27906999999,null,null,null,289514.27906999999,null,null,null,289514.27906999999,null,null,null,289514.27906999999,null,null,null,289514.27906999999,null,null,null,289514.27906999999,null,null,null,289514.27906999999,null,null,null,289514.27906999999,null,3474171.3488400006]
[]
[]
[]
[]
[]
[]
[]
[1,2,3,4,5,6,7,null,null,8,9,10,null,null,11,12,13,14,15,16,17,18,19,20,21,22,23,24,25,26,27,28,29,30,31,32,33,34,35,36,37,38,39,40,41,42,43,44,45,46,47,48,49,50,51,52,53,54,55,56,57,58,59,60,61,62,63,64,65,66,67,68,69,"Important: check cash adjustments when converts to academy",70,71]
["DFE Num","Type","Fund Centre","School","Vendor Number","Statistical Order","Total SBS Inc EFA Grant",null,null,"SBS Only Excl EFA Grant (G-O)","(PFI/PPI/BSF) V1 -In Year Adj to SBS","NNDR Rates Deduction ",null,null,"Insurance Deductions ","Revised SBS (G-I-J-K)","Top Slice 0.0089%","Revised SBS Less Top Slice (L-M)","EFA Grant ","Total Advances (N+O)","Total Advances ",null,"April Instalment","April Adjustment ","Actual April Payment ",null,"May Instalment ","May Adjustment","Actual May Payment ",null,"June Instalment","June Adjustment","Actual June Payment",null,"July Instalment ","July Adjustment","Actual July Payment",null,"August Instalment","August Adjustment","Actual August Payment",null,"September Instalment","September Adjustment- ","Actual September Payment",null,"October Instalment","October Adjustment","Actual October Payment",null,"November Instalment","November Adjustment","Actual November Payment",null,"December Instalment","December Adjustment","Actual December Payment",null,"January Instalment ","January Adjustment","Actual January Payment ",null,"February Instalment","February Adjustment","Actual February Payment",null,"March Instalment","March Adjustment","Actual March Payment",null,"Total Instalments","Total Adjustments","Total Actual Payments Made To Sch","Check ","Comments","Check:"]
[]
[{"$f":"A74-A4","v":0},0,0,0,0,0,0,null,null,-2,-2,-2,null,null,-4,-4,-4,-4,-4,-4,-4,{"$f":"V74-V4","v":-4},-4,-4,-4,-4,-4,-4,-4,{"$f":"AD74-AD4","v":-4},-4,-4,-4,-4,-4,{"$f":"AJ74-AJ4","v":-4},-4,-4,-4,-4,-4,-4,-4,-4,-4,-4,-4,-4,-4,-4,-4,-4,-4,-4,-4,-4,-4,-4,-4,-4,-4,-4,-4,-4,-4,-4,-4,-4,-4,-4,-4,-4,-4]
[{"$f":"A75=A5","v":true},false,true,true,true,true,false,null,null,false,false,false,null,null,true,false,false,false,false,false,false,{"$f":"V75=V5","v":true},true,true,true,true,true,true,true,{"$f":"AD75=AD5","v":true},true,true,true,true,true,{"$f":"AJ75=AJ5","v":true},true,true,true,true,true,true,true,true,true,true,true,true,true,true,true,true,true,true,true,true,true,true,true,true,true,true,true,true,true,true,true,true,true,true,true,true,true]
[]
[]
[]
[]
[]
[]
[]
[]
[]
[]
[]
[]
[]
[]
[]
[null,null,null,null,null,null,null,null,null,null,null,null,null,null,null,null,null,null,null,null,null,null,null,null,null,null,null,null,null,null,null,null,null,null,null,null,null,null,null,{"$f":"ROUND(($U$37-$Y$37)/11,0)","v":-79135}]

{"sheet":"Contact List","index":5,"n_rows":63,"n_cols":5,"rows_kept":63,"cut":false,"hidden":true,"merged":[]}
["FULL CHEQUE BOOK SCHOOLS WEF 01/04/2023"]
[]
["DFE Num","Oracle Code","School @Apr2023","Vendor Number","Contact Name"]
[2010,"AX085","Adderley Primary School",null,"Vijay Patel"]
[1017,"AX087","Allens Croft Childrens Centre",null,"Linda Sewell"]
[2300,"AX008","Arden Primary",null,"Cameron Birkett"]
[7016,"AX00E","Baskerville School",null,"Simone Ward"]
[5413,"AX08C","Bishop Challoner Catholic College",null,"Vijay Patel"]
[2402,"AX08G","Boldmere Infant & Nursery School",null,"Michelle Rudd  "]
[2401,"AX00T","Boldmere Junior School",null,"Vijay Patel"]
[4115,"AX08J","Bordesley Green Girls School",null,"Linda Sewell"]
[2030,"AX08H","Bordesley Green Primary School",null,"Linda Sewell"]
[2238,"AX08N","Broadmeadow Infant & Nursery School",null,"Linda Sewell"]
[2236,"AX010","Broadmeadow Junior School",null,"Cameron Birkett"]
[4801,"AX08U","Cardinal Wiseman Catholic Technology College",null,"Linda Sewell"]
[2312,"AX015","Chad Vale Primary School",null,"Michelle Rudd  "]
[7051,"AX017","Cherry Oak School",null,"Cameron Birkett"]
[2251,"AX08W","Chilcote Primary School",null,"Michelle Rudd  "]
[3002,"AX01A","Christ Church CE Primary School",null,"Linda Sewell"]
[3319,"AX019","Christ The King Catholic Primary School",null,"Vijay Patel"]
[5416,"AX091","Colmers School and Sixth Form College",null,"Michelle Rudd  "]
[2054,"AX092","Colmore Infant School",null,"Linda Sewell"]
[2053,"AX093","Colmore Junior School",null,"Linda Sewell"]
[2055,"AX01J","Cotteridge Primary",null,"Vijay Patel"]
[2486,"AX01Z","Forestdale Primary School",null,"Vijay Patel"]
[2296,"AX027","Glenmead Primary School",null,"Simone Ward"]
[2092,"AX02H","Hall Green Junior School",null,"Cameron Birkett"]
[4015,"AX0A2","Hodge Hill Girls School",null,"Cameron Birkett"]
[4201,"AX0A1","Hodge Hill School",null,"Simone Ward"]
[4223,"AX0A4","Holte School",null,"Linda Sewell"]
[2015,"AX032","James Watt Primary School",null,"Simone Ward"]
[2462,"AX03L","Little Sutton Primary School",null,"Simone Ward"]
[2127,"AX0AN","Lozells J & I School",null,"Linda Sewell"]
[2129,"AX03N","Lyndon Green Infant School",null,"Vijay Patel"]
[2128,"AX03P","Lyndon Green Junior School",null,"Simone Ward"]
[2133,"AX03V","Marsh Hill Primary School",null,"Linda Sewell"]
[3322,"AX03X","Maryvale Catholic Primary School",null,"Michelle Rudd  "]
[2416,"AX041","Moor Hall Primary",null,"Linda Sewell"]
[4245,"AX0AW","Moseley School",null,"Vijay Patel"]
[3323,"AX049","Oratory R C Primary School",null,"Simone Ward"]
[7053,"AX04C","Oscott Manor",null,"Cameron Birkett"]
[4173,"AX0BD","Queensbridge School",null,"Cameron Birkett"]
[7033,"AX0BK","Selly Oak Trust School",null,"Simone Ward"]
[4177,"AX0BL","Selly Park Tech College For Girls",null,"Michelle Rudd  "]
[1038,"AX056","Shenleyfields Nursery School",null,"Simone Ward"]
[2174,"AX0BR","Sladefield Infants School",null,"Michelle Rudd  "]
[3363,"AX05Q","St Dunstans Primary School",null,"Simone Ward"]
[3377,"AX066","St Jude's Catholic Primary School",null,"Simone Ward"]
[3371,"AX067","St Laurence Church Infant School",null,"Vijay Patel"]
[3016,"AX06F","St Matthew's CE Primary School",null,"Cameron Birkett"]
[4606,"AX0C4","St Pauls Girls School",null,"Cameron Birkett"]
[3428,"AX06L","St Peters CE Primary School",null,"Michelle Rudd  "]
[7014,"AX07A","Uffculme School",null,"Cameron Birkett"]
[7009,"AX0CG","Victoria School",null,"Cameron Birkett"]
[5203,"AX0CH","Walmley Infant School",null,"Vijay Patel"]
[5202,"AX0CJ","Walmley Junior School",null,"Cameron Birkett"]
[2308,"AX0CL","Welford School",null,"Cameron Birkett"]
[2011,"AX07P","Wheelers Lane Primary School",null,"Vijay Patel"]
[4193,"AX07N","Wheelers Lane Secondary ",null,"Cameron Birkett"]
[2293,"AX07T","William Murdoch Primary School",null,"Simone Ward"]
[2225,"AX0CQ","Worlds End Junior School",null,"Simone Ward"]
[2412,"AX07Y","Wylde Green Primary School",null,"Michelle Rudd  "]
[4237,"AX0C8","Swanshurst",null,"Vijay Patel"]

{"sheet":"Timetable","index":6,"n_rows":21,"n_cols":7,"rows_kept":21,"cut":false,"hidden":true,"merged":[[0,1,0,6]]}
[null,"Cheque Book Schools -2023/24 Timetable for Submission of  Financial Returns to Birmingham City Council"]
[]
["Return Required","Period Start","Period End","Report to be Produced On","Reports to reach BCC By","Payment Processed By BCC","Payment Received By School"]
["April VAT return","2023-04-01","2023-04-30","2023-05-03","2023-05-10","2023-05-20","2023-05-27"]
["May VAT return","2023-05-01","2023-05-31","2023-06-01","2023-06-08","2023-06-19","2023-06-26"]
["June VAT return","2023-06-01","2023-06-30","2023-07-03","2023-07-10","2023-07-20","2023-07-27"]
["July/August VAT return","2023-07-01","2023-08-31","2023-09-04","2023-09-11","2023-09-21","2023-09-28"]
["September VAT return","2023-09-01","2023-09-30","2023-10-03","2023-10-10","2023-10-20","2023-10-27"]
["October VAT return","2023-10-01","2023-10-31","2023-11-01","2023-11-08","2023-11-20","2023-11-27"]
["November VAT return","2023-11-01","2023-11-30","2023-12-01","2023-12-08","2023-12-18","2023-12-27"]
["December VAT return","2023-12-01","2023-12-31","2024-01-04","2024-01-11","2024-01-19","2024-01-26"]
["January VAT return","2024-01-01","2024-01-31","2024-02-01","2024-02-08","2024-02-19","2024-02-26"]
["February VAT return","2024-02-01","2024-02-28","2024-03-01","2024-03-08","2023-03-19","2023-03-26"]
["March VAT return","2024-03-01","2024-03-31","tbc- Closedown timetable","tbc- Closedown timetable","tbc- Closedown timetable","tbc- Closedown timetable"]
[]
[null,"Termly Returns submission dates - (Annex B and Annex C)"]
[]
["*Also submit Termly Return: ","Period to : ","2023-06-30","Reports to be Received :","TBC"]
["*Also submit Termly Return: ","Period to : ","2023-12-31","Reports to be Received :","2024-01-12"]
["**Year End Workbook (YE)",null,null,"TBC/Proposed:"]
["Other:","Return for July VAT return 2023: school's discretion"]